 1. Give v(-2).
7
Let k = 16 - 12. Let p(r) = 6*r - r**2 + 4*r**2 + k - 5*r**2 + r**2. What is p(6)?
4
Let y(h) be the first derivative of h**3/3 + 3*h**2/2 - 5*h - 2. Let d be 57/(-12) - (-9)/(-36). Calculate y(d).
5
Let c(n) = -n**2 + 2*n + 3. Let m be c(3). Suppose m = d + d - 8. Let p(l) = -2 - 3*l + 0 - 4 - d*l - l**2. Determine p(-4).
6
Let a(q) = 3*q + 1. Let t(m) = m. Let k(y) = a(y) + 5*t(y). What is k(-1)?
-7
Let w(b) = 2 + 6 - 1527*b + 1533*b. Give w(-6).
-28
Let z(f) = 24 - 14 - f + 3*f. Let p = -23 - -16. Determine z(p).
-4
Suppose -5*s - 6 = 34. Let m(i) = -i - 7. Determine m(s).
1
Let r(x) = -5*x + 2. Let c be (4 + 1 - 6)*5. Give r(c).
27
Suppose -3*o - 3 = 4*b - 26, 0 = -5*o - 4*b + 25. Let r(j) be the third derivative of j**4/3 - j**3/6 + 3*j**2. What is r(o)?
7
Let r(j) = j**2 - j + 1. Let h(x) = -3*x**2 + x. Let u(k) = -h(k) - 2*r(k). Give u(2).
4
Let x(f) = -9 - 3 + 9 - f**3. Determine x(0).
-3
Let q(g) = -g**3 - 2*g**2 - 3*g - 1. Let n(r) = -2*r + 12. Let c = -1 + 8. Let u be n(c). What is q(u)?
5
Suppose h + 0 - 10 = 2*a, h + a + 5 = 0. Let r(f) = 0*f**2 - 4*f**2 + 3*f**2 - 7. Calculate r(h).
-7
Let c(u) be the third derivative of u**2 - 1/6*u**3 - 1/24*u**4 + 0 + 0*u. Let h be 4*-5*(-4 + (-68)/(-16)). Give c(h).
4
Let t(r) = r**2 - 12*r + 1. Let k(f) = f**2 - 11*f + 1. Let b(j) = 5*k(j) - 4*t(j). Let q = 18 + -13. Let s = -1 + q. Give b(s).
-11
Suppose 5*n = 10 - 0. Let s(j) = 1 - 2*j**2 + 5*j**n + 2*j**2. Suppose -4*i + 2*i = -2. Determine s(i).
6
Let u(v) = -3*v + 1. Suppose -2*a + 5 = -3. What is u(a)?
-11
Let g(s) = s**2 - 6*s + 5. Let l be ((-32)/(-6))/(-2)*90/(-60). Calculate g(l).
-3
Let t(g) be the first derivative of g**2/2 + 6*g - 15. Calculate t(0).
6
Let k be 6/9 + 22/(-6). Let i be 66/(-9)*k*1. Suppose 5*s + 15 = 2*d - 12, 5*s = -3*d - i. Let a(u) = u + 1. Give a(d).
2
Let x be (-4)/(-22) - (-300)/44. Let v(h) = 5*h**2 + h**3 + h + 0*h + x + 0*h + 0*h. Suppose 0 = l - 2*l - 5. Determine v(l).
2
Let v(j) = 5*j**3 + 12*j**2 - 12*j - 4. Let h(l) = -4*l**3 - 11*l**2 + 11*l + 4. Let d(y) = -6*h(y) - 5*v(y). Determine d(5).
-9
Let g = 5 - 0. Let p(w) = -g - 3*w**2 - 4 + 1. Let f(j) = -7*j**2 - 17. Let x(h) = 4*f(h) - 9*p(h). What is x(3)?
-5
Let f(s) = 6*s**2 - s + 1. Suppose -4*d = n - 6 - 3, 0 = 3*d + 5*n - 28. Give f(d).
6
Let u(o) = 1 - 3*o + 5*o**2 + 4*o**2 + 4*o**2 - 8*o**2. Give u(2).
15
Suppose -n = 25 - 19. Let t(l) be the second derivative of l**5/20 + 5*l**4/12 - 4*l**3/3 - 3*l**2 - l. Give t(n).
6
Let s(l) = l**2 + 11*l + 5. Let k(j) be the second derivative of 5*j**3/6 + j**2 - 2*j. Let g(p) = -5*k(p) + 2*s(p). Let m be (-2)/8 - 27/(-12). What is g(m)?
2
Let u(o) = 7*o + 3*o**2 - 2085*o**3 + 2086*o**3 + 3*o**2. Determine u(-5).
-10
Let i = -23 + 17. Let f(d) be the first derivative of -3*d**2 + 6*d + 1 - 1/4*d**4 - 7/3*d**3. Give f(i).
6
Let m(s) = -3*s**2 + 1 + s + 0*s - 2 - 3*s**2. What is m(1)?
-6
Let l(q) = -6*q. Let i be (32/20)/(-2)*-25. Suppose -p - 5*k + 27 = 0, 15 + i = 5*p + 5*k. Give l(p).
-12
Let t(b) be the second derivative of b**3/6 - b**2 + 8*b. Give t(-2).
-4
Let f(s) be the third derivative of -4*s**2 + 1/2*s**3 + 1/6*s**4 + 0*s + 0. Calculate f(-2).
-5
Let m(g) = -g - 9. Let r be m(-6). Let o(v) = -6*v - 3. What is o(r)?
15
Suppose 2*z - x = -6*x + 24, -3*z = 5*x - 26. Let b(v) = -2 + 12 + 2*v - z - 3*v + v**2. What is b(0)?
8
Let q(k) = -k**2 - k + 4. Suppose -l + 5*l = 12. Let r be (1*-2)/(2/l). Calculate q(r).
-2
Let x be 1*1*0/(-1). Let h = -6 + 9. Let k(s) = -6 + 4 - s**h + 6. Give k(x).
4
Let o(x) = 11*x**3 + 4*x**2 + x - 13. Let m(g) = -5*g**3 - 2*g**2 + 6. Let d(y) = -9*m(y) - 4*o(y). Determine d(-4).
-18
Suppose 5*m = 25 - 30. Let l(h) = -2*h**2 - h - 1. Determine l(m).
-2
Let x = 39 + -37. Let w(i) be the first derivative of 1/2*i**x - 6*i + 1/3*i**3 + 1/4*i**4 + 3. Determine w(0).
-6
Let o(m) = -m**3 + 6*m**2 - 8*m + 7. Let a = -21 - -26. What is o(a)?
-8
Let y(j) be the second derivative of -2*j - 1/2*j**3 + 1/20*j**5 - 1/12*j**4 - j**2 + 0. Let m(r) = -r**2 - 12*r - 8. Let o be m(-11). What is y(o)?
7
Let c = 6/37 + -35/444. Let w(t) be the second derivative of 1/6*t**3 + 0 - 1/2*t**2 + c*t**4 - t. What is w(1)?
1
Let r(c) be the first derivative of -c**3/3 - 13*c**2/2 - 17*c + 4. What is r(-12)?
-5
Let k(b) = 2*b**2 - b**2 + 6*b + 2 - b. Let g be (-1)/(-1)*(-6 + 3). Calculate k(g).
-4
Let h(v) be the third derivative of -v**7/2520 + v**6/240 + v**5/30 - v**4/12 - 5*v**2. Let t(m) be the second derivative of h(m). What is t(5)?
-6
Let j(f) = f**2 + 7*f + 1. Let c(x) = -4*x + 31. Let l be c(9). What is j(l)?
-9
Suppose -11*h = -14*h + 18. Let b(d) = -d**2 + 6*d + 3. What is b(h)?
3
Let c(p) = p**2 + 1. Let j be ((-45)/20)/((-6)/16). Let z be j/5*15/6. Suppose 2 = -z*d + 4*d. Determine c(d).
5
Let v(l) = l**3 + 2*l**2 + 2. Let k = -4 - -5. Let a be -1 + 2 + k + -7. Let w = a + 3. Calculate v(w).
2
Let h(w) = -8*w**2 + 17*w - 1. Let l(m) = -7*m**2 + 16*m - 2. Let k(d) = 6*h(d) - 7*l(d). What is k(6)?
-16
Let r(q) = q - 7. Suppose -19*g - 20 = -24*g. Determine r(g).
-3
Let y(i) = 3*i + 17. Suppose 3 = -6*x - 39. Let h be y(x). Let c(t) be the first derivative of t**4/4 + 4*t**3/3 + t**2/2 - t - 1. What is c(h)?
-5
Let t(p) be the second derivative of -1/6*p**3 + 0 - 3*p - 5/2*p**2. Determine t(-4).
-1
Let c(q) be the first derivative of q - q**2 - 1/6*q**4 + 1 - 1/3*q**3. Let o(m) be the first derivative of c(m). Calculate o(-2).
-6
Let g(q) be the first derivative of 1 + 2*q**2 + 0*q - 1/3*q**3. Give g(4).
0
Let w(d) = -d - 1. Let f(v) = -v**2 - 6*v - 2. Let u be f(-4). Let l(n) = n. Let a be l(u). Let i be (0 - 2) + a + -1. Give w(i).
-4
Let j be (-4)/(-4)*66/(-6). Let f(i) = -i**3 - 11*i**2 + i + 12. Determine f(j).
1
Let g(j) = -5*j**3 + j**2 - 1. Let i be g(1). Let a(n) be the second derivative of -n**5/20 - 5*n**4/12 - n**3/6 - 2*n**2 - 6*n. What is a(i)?
1
Let u(t) = -t**2 + 0*t**2 - t + 2 - t**2 - t. Let d be ((-8)/10)/(24/(-60)). Determine u(d).
-10
Let y(d) be the third derivative of -7*d**6/120 + d**4/12 - d**3/6 - 5*d**2. Calculate y(1).
-6
Let w(r) = -2*r - r**3 + 368 + 4*r**2 - 368. Calculate w(4).
-8
Let c = 38 + -55. Let t = -12 - c. Let y(h) = t + 5 - 2*h - 6. Give y(5).
-6
Let v = 37 + -42. Let u(h) = -2*h - 4. Give u(v).
6
Suppose -1 = -6*d + 7*d. Let j(c) = -6*c**2 - 2*c - 1. What is j(d)?
-5
Let b(t) be the second derivative of -t**4/12 + t**3/2 - t**2/2 - 6*t. Let y = 1 + 2. Give b(y).
-1
Suppose 6*f - 3 = 5*f. Let l(k) be the third derivative of -1/6*k**f + 0 + 1/120*k**6 - 1/6*k**4 + 0*k - 1/30*k**5 - 2*k**2. Calculate l(3).
-4
Let a(d) = 2*d**2 - d. Suppose f + 0*f = -5*n + 27, f + 4*n = 22. Let l(b) = b**2 - b. Let k(p) = f*a(p) - 3*l(p). What is k(-1)?
0
Let p = 12 - 17. Let j(n) be the third derivative of n**5/60 + 5*n**4/24 - 2*n**3/3 - 3*n**2. Determine j(p).
-4
Suppose 3*d + 0*x = x - 12, 0 = d - 2*x + 9. Let b(u) = -2*u + 7. Let f(c) = c - 1. Let t(j) = -b(j) - 3*f(j). Give t(d).
-1
Let j(c) = -c**3 + 6*c**2 - 6*c - 4. Suppose -5*k + 4*x + 9 = 0, 5*x - 36 - 9 = -5*k. Give j(k).
-9
Let u(x) = -x**3 + 11*x**2 + x - 14. Let r be u(11). Let q(o) = 2*o + 3. Let d(y) = -2*y - 2. Let h(t) = 3*d(t) + 2*q(t). Determine h(r).
6
Let z(k) be the third derivative of -k**6/120 + k**5/12 - 5*k**4/24 + k**3/2 + k**2. Give z(3).
6
Let y(a) be the first derivative of -4 - 3/2*a**2 - 4*a. Determine y(-5).
11
Suppose 4*y = 11 + 9. Let q(u) = u**2 - 5*u. Give q(y).
0
Suppose 2*j - 2*w - 3 = -7, -w + 14 = 3*j. Suppose j*b = 0, 0 = 5*y - 3*y + 4*b. Suppose y*q - 5 = -q. Let s(f) = f**3 - 6*f**2 + 3*f + 3. Determine s(q).
-7
Let p(z) = -z**3 - 5*z**2 - 6*z - 3. Let x be p(-4). Suppose x*u - 9 = 2*u. Let g(c) = -c**2 + 2*c + 3. What is g(u)?
0
Let i(o) = 3*o + 1. Let g(y) = -6*y + 6*y + y. Let r(m) = 2*g(m) - i(m). Calculate r(-2).
1
Let k(x) be the second derivative of -x**4/6 + 7*x**3/6 + x**2 + 36*x. Let v = 6 + -1. Determine k(v).
-13
Suppose 8*y - 24 = 4*y. Let g(b) = -3*b**2 + y*b - 2*b + 1 - 3. Give g(2).
-6
Let a(h) = -h**3 + 19*h**2 - 5*h + 1. Let g(d) = -d**3 + 20*d**2 - 6*d + 2. Let w(q) = -7*a(q) + 6*g(q). Determine w(13).
-8
Let v(r) = r - 7 - 9 + 4 + 2. Let k be v(7). Let t(h) be the second derivative of -h**4/12 - h**3/6 + 2*h**2 + h. Give t(k).
-